What is the highest common factor of p and i?
39
Suppose -l = -3*k + 2, -l - 3 = k - 9. Suppose 0 = -t - 5*a - 13, -l*t + 63 = -0*a - 3*a. What is the greatest common divisor of t and 288?
12
Let c(b) = -3*b**3 - 7*b**2 - 14*b - 63. Let g be c(-8). Let p = 2 + -1. Let s be g/9 - p/3. Calculate the greatest common factor of s and 21.
21
Suppose 97*u + 2863 - 1727911 = 0. What is the greatest common divisor of 78 and u?
78
Let p be 4810/20 - 414/92. Calculate the greatest common factor of p and 9.
1
Let c be (0/(-4) - -17) + 1. Let i(d) = -220*d + 7 + c*d**2 + 213*d - 1. Let o be i(1). What is the greatest common factor of 17 and o?
17
Suppose 405*l = 406*l - 10. What is the highest common factor of 14395 and l?
5
Suppose 0 = 138*a + 51766 - 56837 - 107537. Calculate the highest common factor of a and 8772.
204
Suppose 3*t + 4*a - 31 = 0, 95 = 14*t - 9*t - 2*a. What is the greatest common factor of t and 15623?
17
Suppose 30*x - 26*x = 16. Let k be (-4)/(-6)*1/(1/12). Suppose -w = -5*y + 42, x*w - k = -3*y + y. What is the highest common divisor of y and 1?
1
Suppose 19*q - 10126 = 22193. Calculate the highest common divisor of 2187 and q.
243
Let f be 108/26 + (-68)/442. Suppose 0 = n + 11 - 9, -f*w + 4*n + 132 = 0. Let u be 1/(-3) + 280/3. Calculate the greatest common divisor of u and w.
31
Let z(p) = p**3 - 13*p**2 + 21*p + 16. Let c be z(11). Suppose 43 + 117 = c*g. Let q = 86 + -38. Calculate the greatest common divisor of q and g.
16
Let k be (-6)/(-7 - 4690/(-672)). Calculate the highest common factor of k and 360.
72
Suppose 0*h + 4*x = -5*h + 677, 4*h - 3*x - 523 = 0. Let b be ((-4902)/(-4))/43*(-8)/(-3). Calculate the greatest common divisor of h and b.
19
Let a = -11462 + 13058. Calculate the greatest common divisor of 252 and a.
84
Let t be 1/(2/142) - -1. Suppose -1326*c + 18441 + 22914 = -6381. What is the greatest common divisor of t and c?
36
Let h = -9204 - -9488. Calculate the greatest common divisor of h and 2414.
142
Let j(w) = 4. Let m(x) = -x + 22. Let l(a) = -2*j(a) + m(a). Suppose -3*n + 1 + 26 = 0. Let q be l(n). What is the greatest common divisor of q and 1?
1
Let v be 891/36*72/27. Calculate the highest common factor of v and 1661.
11
Suppose -985*o + 984*o = -2*y - 476, -2*o + y + 940 = 0. Let j be 24 - (0/(-1) - 2). Calculate the greatest common divisor of o and j.
26
Let b be (1600/120)/(2/21). Suppose -56*g - b = -66*g. Suppose 4*l - 3*s - 519 = 0, 5*s + 277 = l + l. What is the highest common factor of l and g?
14
Let n = 198 - -564. Suppose 8*v = 54 + n. Calculate the highest common factor of v and 17.
17
Let k = -523 - -516. Let u(w) = 3*w + 3*w**2 - 2*w**2 + 7 + 0*w**2. Let c be u(k). Calculate the highest common factor of 7 and c.
7
Suppose 2*r = 10*i - 11*i + 16, -32 = -4*r + i. Suppose 2 = 2*z - r. Calculate the highest common divisor of z and 5.
5
Let r(y) = -y**2 + 7*y + 5. Let n be r(3). Let c(s) = 25*s - 18 - 7*s**2 + 2*s**2 + 1 + 4*s**2. Let q be c(17). What is the highest common factor of q and n?
17
Suppose -20*z + 13086 = 666. Calculate the highest common factor of 92 and z.
23
Suppose 92*q + 4*d - 599 = 87*q, 2*q = 5*d + 200. What is the highest common factor of 295 and q?
5
Suppose -5*w + 2 = 7. Let i(l) = 16*l**2 - 2*l. Let n be i(w). Suppose -a - 2 = -2*a, 4*h - n = -a. Calculate the highest common divisor of 8 and h.
4
Let l = -29211 + 31290. Calculate the highest common factor of 3 and l.
3
Let t be ((-10)/4)/(-6 - 7438/(-1240)). Let n be 8/10*t/20. Suppose -n = -5*i + 3*a - 2*a, -4*i = -a - 50. What is the highest common divisor of 6 and i?
6
Let r = 24 - 3. Suppose -2*p - 1232 = 4*d, -192 = d + 4*p + 102. Let f = d - -541. What is the highest common divisor of r and f?
21
Suppose 3*f = -m + 4*f + 37, -3*m - f = -91. Calculate the greatest common factor of m and 14.
2
Suppose 4*m = -2*y + 28, 2*y - 4 = 6*y - 4*m. Let r be ((-2)/y)/((-3)/138) - 4. Suppose 2*x - r = 11. Calculate the greatest common divisor of x and 20.
5
Let g be (24/(-18))/((-2)/144). Suppose 39*x - 11040 = -191*x. Calculate the greatest common factor of x and g.
48
Suppose 3*p - 5*z = -4*z + 665, -z = 2. Let i = p + -220. Suppose 5*t = u - 1, 5*t - 5 = -u - 4. What is the greatest common factor of u and i?
1
Let p(s) = 2*s**2 + 54*s - 226. Let l be p(5). What is the greatest common divisor of 2867 and l?
47
Let m(j) = -2423*j - 7165. Let n be m(-3). Calculate the greatest common factor of 3406 and n.
26
Suppose 0 = -3*n + 52 + 26. Let p be (80/12 + 2)/((-6)/(-252)). Calculate the highest common factor of p and n.
26
Let x = 2 - -27. Suppose 30*y - 5 = x*y. Suppose -34 - 106 = -y*a. Calculate the greatest common factor of 8 and a.
4
Let r be (-10)/(-75)*-3*(-825)/11. Suppose -7*z + 21*z = 252. Calculate the highest common divisor of z and r.
6
Let r = 80 - 76. Suppose -3*f - r*d = -89, 2*f = f + 5*d + 55. Suppose 4*s - 451 + 31 = 0. Calculate the highest common factor of f and s.
35
Suppose 2150 + 210 = 20*v. Calculate the highest common divisor of v and 649.
59
Let q be (-10 + 15/((-450)/(-312)))/(10/4075). Calculate the greatest common factor of 21842 and q.
163
Let l = 233 + -224. Let z be 0 - l/(-3)*(-112)/(-21). Let f be 2/(-5) - 404/(-10). What is the greatest common divisor of z and f?
8
Suppose 33 = -9*x + 15. Let d = x + 150. Let a = d - 90. Calculate the highest common divisor of 29 and a.
29
Suppose -86 = -4*h - 102. Let p be (-264)/(-56) + 1/(-14)*h. Calculate the greatest common divisor of 160 and p.
5
Suppose 3*x = 3*n - 1837 - 149, 1998 = -3*x - n. Let q = 494 - x. Calculate the highest common factor of q and 61.
61
Let f(g) = 6*g - 12*g + 3*g + 2*g. Let s be f(-4). Suppose s*t = 167 + 97. What is the greatest common divisor of 6 and t?
6
Let j = 266 - 143. Suppose -8*u + 39*u = -9*u + 3280. Calculate the highest common factor of j and u.
41
Let r be (-36)/99 + (11 - (-5980)/110). What is the greatest common factor of 52 and r?
13
Suppose 4*k - 40 = -k. Let i(j) = 38*j + 301. Let x be i(-8). Let q be 12/(-3) + 2 + x - -77. What is the highest common divisor of q and k?
8
Let i = -12487 - -13665. What is the greatest common factor of 186 and i?
62
Let q be (4 - 3/1)/1. Let s(t) = t + 23. Suppose -4*v = -4*v - v. Let j be s(v). Calculate the highest common factor of j and q.
1
Suppose 119*q + 49*q = 50232. What is the greatest common divisor of 39 and q?
13
Suppose 4*k - 79*b = -83*b + 796, k + 5*b = 183. What is the highest common divisor of k and 348?
29
Let l = -187 - 420. Let v = 612 + l. Calculate the highest common divisor of 16 and v.
1
Let u be 2400 - 3*60/(-18). Calculate the highest common divisor of u and 10.
10
Suppose 4*k - 11180 = -4*p, k - 4*p - 719 - 2081 = 0. What is the greatest common factor of k and 12?
12
Let o(d) = 5*d + 209. Let h be o(-38). Suppose -u + 1 = -1. Suppose -13 = u*t - 51. What is the greatest common factor of h and t?
19
Let c be ((-8)/(-2))/(-4)*(0 + -2). Suppose -650 = -3*d - l, 4*l - c*l - 436 = -2*d. Let o be 16/40 + 133/5. What is the highest common factor of d and o?
27
Suppose -2*y = -b + 3, 2*y + 1 = -2*b + 7. Suppose y = 163*i - 152*i - 847. Calculate the greatest common divisor of 11 and i.
11
Let a be ((-44)/3)/(32/(-48)). Let v(r) = -25*r + 4. Let y be v(-6). Suppose 4*g - y = 3*g. What is the greatest common divisor of g and a?
22
Let x be (2/4)/(100/16 - 6). Suppose -s + x*g = g - 97, -g = 3*s - 287. Let n = s + -28. Calculate the greatest common factor of n and 170.
34
Let i(f) = -f**3 + 11*f**2 + 9*f + 60. Suppose 142 - 70 = 6*b. Let m be i(b). What is the highest common factor of 69 and m?
3
Let m(z) = 8*z**2 - 38*z + 95. Let w be m(7). Calculate the greatest common factor of w and 170.
17
Let u = 107 + -103. Suppose -3*l + u - 10 = 0, -2*l - 184 = -3*b. Let h be 4/4*1 - 0 - -119. Calculate the greatest common divisor of b and h.
60
Suppose 238*c = 150829 + 88463 + 439484. What is the highest common factor of c and 92?
92
Suppose 0 = 4*a + 4*b - 308, 3*a - 278 = 5*b - 79. Suppose 0 = c + 7 - a. Let q be ((-192)/18)/((-2)/c). What is the highest common factor of 32 and q?
32
Suppose 168 = 3*o + 4*v, -5*o + 5*v - 4*v = -303. Let b(i) = -176*i + 6376. Let k be b(36). What is the greatest common factor of o and k?
20
Let y = -157 + 203. Suppose 0 = -5*a + 10